pose 4 = 2*h + 2. Let w be (-1 + 3)*(7 - h - 5). Suppose 300 = w*v + 10*v. What are the prime factors of v?
5
List the prime factors of (15/3 + -1567)*(13/2 - 7).
11, 71
Suppose 3*i + 4*s = 2799, 4*i - 5*s + 0*s = 3701. Let g = -218 + i. List the prime factors of g.
3, 79
Let p(b) = 18*b - 9*b + 12*b + 2. Let w be p(5). Suppose 2 = 4*u - 18, 4*y - u = w. List the prime factors of y.
2, 7
Let o(u) = 159*u**3 + u**2 - u + 4. Let y(p) = -4*p**2 + 14*p - 4. Let j be y(3). List the prime factors of o(j).
2, 3, 71
Suppose -4*b + 4073 = 3*i, 0 = -b - 2*i + 1567 - 555. Let n = 2078 - b. List the prime factors of n.
2, 3, 11
Let q(h) = -65 + 80 + 51*h - 11*h - h**3 - 52 + 30*h**2. List the prime factors of q(31).
2, 11
Let r(f) = 223*f**2 - 87*f + 346. What are the prime factors of r(9)?
2, 7, 1259
Suppose 0 = 5*o - 5*k - 48778 - 17232, -k = -2*o + 26405. List the prime factors of o.
3, 163
Suppose -158583 = -3*z + 4*h, 3714 + 207730 = 4*z - 3*h. What are the prime factors of z?
52861
Let o = 23586 + 4888. What are the prime factors of o?
2, 23, 619
Suppose j + 183*z - 14318 = 186*z, -j + 14342 = 5*z. What are the prime factors of j?
14327
Let f(a) = a**2 - 3*a - 6. Let q be f(6). Let p(o) = 122*o + 532. Let w be p(-4). Suppose 28 = 2*m + 3*i, 4*m + i - w = q. List the prime factors of m.
2, 7
List the prime factors of 30 + (-953372)/(-84) - 2/(-6).
2, 5, 569
Let h = 59 + -54. Let m be (h/2)/(4/(-8)). Let x(s) = 2*s**2 + s - 22. What are the prime factors of x(m)?
23
List the prime factors of (-70570808)/(-2057) + 4/11.
2, 3, 953
Suppose 0 = 5*i - 10*i + 1095. Suppose 0 = -2*p - 135 - i. What are the prime factors of p/(1 + 20/(-8))?
2, 59
Let z = 1994 + -917. Suppose 4*s + z = 3*v - 22, -s + 357 = v. List the prime factors of v.
19
Suppose 5 = -4*w - 3. Let m = 3 - w. Suppose -2*r + 188 = m*v - 132, -3*r + 5*v = -505. List the prime factors of r.
3, 5, 11
Suppose 2*j - 31*j = -2*j - 239787. List the prime factors of j.
83, 107
Suppose -3*k - 4*p + 593 = 0, -p + 375 + 221 = 3*k. Let x = k + -144. List the prime factors of x.
5, 11
Let j = 407 + -412. Let o(n) = 36*n**2 - 15*n - 13. List the prime factors of o(j).
2, 13, 37
Let c = 29406 + 9986. What are the prime factors of c?
2, 1231
Let r = -832 - -216. What are the prime factors of ((-21)/63)/((-1)/(-3)) - r?
3, 5, 41
Suppose -114*n - 50140 = -119*n + 7*a, a + 40089 = 4*n. What are the prime factors of n?
11, 911
Suppose -3*z + 2054 = -3*u + 5*u, -4*u - 2048 = -3*z. Suppose 13*s = 15*s - z. What are the prime factors of s?
2, 3, 19
Let q(u) = 51*u**2 - 5*u + 28. Let p = 197 + -194. List the prime factors of q(p).
2, 59
Let y(z) be the first derivative of -z**4/4 - z**3/3 + 29*z + 2. Let n be y(0). Suppose 426 = 32*b - n*b. List the prime factors of b.
2, 71
Let k(l) = 3560*l - 222. List the prime factors of k(3).
2, 3, 7, 83
What are the prime factors of 4 + 12760 + (14 - 9)?
113
Suppose 78*k - 54407 = 37*k. List the prime factors of k.
1327
Let d = -21338 - -30413. What are the prime factors of d?
3, 5, 11
Let d = -143 + 341. Suppose 0 = 3*n - d - 537. List the prime factors of n.
5, 7
Let m(v) = 2*v**2 + 11*v - 10. Let i be m(-7). Let x(z) = 40*z - 29. What are the prime factors of x(i)?
3, 137
Suppose -n + 5*n - 3*v - 67 = 0, 4*n - 5*v - 69 = 0. Let a be -1*(-2)/6*(-10 + n). Suppose 70 = 2*y - 4*j, -a*y + 2*j = 4*j - 88. List the prime factors of y.
41
Let d be 15 + -7 + (0 - 6). Suppose -s + 3*m = -147, -2*m + 36 + 242 = d*s. List the prime factors of s.
3, 47
List the prime factors of (-76)/(-19) + -19 - -27439.
2, 857
Let q = -31 + 37. Let t be (-1)/3*(q + -18). Suppose -2*l + 148 = -t*g, 2*l = -l + 5*g + 225. What are the prime factors of l?
2, 5
Let d be (-21 + 24)/((1 + 1)/2). Suppose -6*j + 162 = d*j. Suppose -21*a + j*a = -258. List the prime factors of a.
2, 43
Let t(z) = -z**3 - 27*z**2 + 28*z. Let o be t(-28). Suppose o*m = 12*m - 3528. Let c = -112 + m. What are the prime factors of c?
2, 7, 13
Suppose -60*f + 748834 - 130651 + 316857 = 0. What are the prime factors of f?
2, 487
Let b(q) = -18*q - 22. Let n be b(-2). Suppose 3*o = -5*v + 2674, 0 = 5*v + 13*o - n*o - 2682. List the prime factors of v.
2, 67
Let z = 116 + -111. Let l(r) = 85*r + 14. What are the prime factors of l(z)?
439
Suppose 7*t = 5334 + 4634. Suppose 7*l - 4*c - t = 3*l, 4*l = -5*c + 1460. Let q = l - 207. List the prime factors of q.
3, 17
Suppose 2*w - 6 = 4. Suppose 2*m + 4*i = 612, 0*m - 4*m = -5*i - 1276. Suppose 3*v + w*z = -0*v + m, -5*v - z = -516. List the prime factors of v.
103
Let y = 24392 - 21765. List the prime factors of y.
37, 71
Suppose -2*t + 31716 = -4*z, -8297 = -t - z + 7549. What are the prime factors of t?
2, 5, 317
Let i(b) = 225*b**2 - 19*b - 4. Let r be i(4). Suppose 12*j - r = 2*j. What are the prime factors of j?
2, 11
Let i(d) = 7*d**2 - 2. Let p be i(-1). Suppose 2*s + 5*f = 605, 0 = 4*s + p*f - 9*f - 1252. What are the prime factors of s?
2, 5, 31
Suppose 4 = -2*y, -2*y = -4*q + 3*y + 22. Suppose q*f + f = 828. What are the prime factors of f?
3, 23
Let k be ((-20)/6)/(26/(-39)) + 28. Let s(o) = 24*o + 225. List the prime factors of s(k).
3, 113
Let t(o) = -48*o**2 - 3*o + 1. Let g be t(-2). Let r = -90 - g. What are the prime factors of r?
5, 19
Suppose 0*p - 15*p = 0. Suppose -12*m - 132 + 2472 = p. List the prime factors of m.
3, 5, 13
What are the prime factors of ((-405)/(-6))/45 + 59695/2 + -2?
3, 9949
Let w = -129 - -131. Suppose 4*h = 5*p - 0*h - 690, -2*h - 274 = -w*p. What are the prime factors of p?
2, 71
Suppose -75*a - 48*a + 1133471 + 716449 = 0. What are the prime factors of a?
2, 5, 47
Let p = 73739 - 48474. What are the prime factors of p?
5, 31, 163
Let r = -6401 + 11584. What are the prime factors of r?
71, 73
Let i = -41368 + 70502. What are the prime factors of i?
2, 7, 2081
Let z = 13635 + -4579. What are the prime factors of z?
2, 283
Let n = -79358 + 114146. What are the prime factors of n?
2, 3, 13, 223
Suppose -i + 31239 = 2*c, 77*c - 82*c + 3*i = -78070. List the prime factors of c.
7, 23, 97
Let t(u) = -2*u**3 - 10*u**2 + 10*u + 21. Let n = 64 - 75. What are the prime factors of t(n)?
29, 47
Let f = -8 + 43. Suppose -38*z + 12 = -f*z. Suppose -z*q - 48 = -6*q. List the prime factors of q.
2, 3
Let p(l) = 98*l - 3. Let c be p(-7). Let h = 1118 + c. Suppose -3*z + 0*z = -h. What are the prime factors of z?
11, 13
Let n(h) = 3*h**2 - 140 - 106 - 17*h + 327. List the prime factors of n(5).
71
Let v be (294/24)/(2/(-8)). Let d = v - -148. What are the prime factors of (d/(-44))/((-1)/84)?
3, 7
Let j be 152*(2/(-13) + (-1425)/(-390)). Let t = 312 + j. List the prime factors of t.
2, 211
List the prime factors of (-34 - 98)*(-5 - 24).
2, 3, 11, 29
Suppose 10 = -y + 6*y, 0 = -4*r - 4*y + 144. Let q(b) = 2*b**2 - 108*b - 313. Let s be q(-3). Suppose 0 = r*f - s*f - 25. List the prime factors of f.
5
Let h = 7 - 4. Suppose 2*t + h = 3*t. Suppose 25 = 5*o, -o + 515 = t*f + 105. What are the prime factors of f?
3, 5
Let w = 32 + -32. Suppose -12 = 2*h + 4*a, 0 = h - w*h + a + 2. Suppose -d - 5*x = -34 - 143, d - h*x - 142 = 0. What are the prime factors of d?
2, 19
Suppose 9*a - 93*a + 287991 = 15*a. What are the prime factors of a?
2909
Let d = -3289 + 45057. What are the prime factors of d?
2, 23, 227
Let s = 2 - 0. Let c = 785 - 783. Suppose 3*o = -c*f + f + 587, 979 = 5*o + s*f. List the prime factors of o.
3, 5, 13
Let l(o) = 39*o**2 - 4*o - 9. Suppose 4*x + q = 3*q - 16, -x + q = 6. What are the prime factors of l(x)?
5, 31
Let i(f) = -7175*f + 7223*f - 86 + 0. What are the prime factors of i(13)?
2, 269
Suppose -17*x - 16*x + 25971 = 0. Let j = x + -659. List the prime factors of j.
2
Let z(l) = -3*l**3 - 2*l**2 - 13*l - 22. Let d be z(-4). Suppose -3*a + 1373 + d = 0. What are the prime factors of a?
521
Suppose 7*c - 7*w + 11*w - 182909 = 0, 3*c - 4*w = 78361. What are the prime factors of c?
3, 2903
Let w = 7092 + -4039. Let g = -1896 + w. List the prime factors of g.
13, 89
Suppose 7*t = 5*t + 1506. Suppose 0 = -4*l + p + 678, 4*l + 5*p = t - 63. Let r = 270 - l. List the prime factors of r.
2, 5
Suppose 0 = 2*c + 6, -9667 = -7*k + 5*k - 5*c. Let d = k - 3314. What are the prime factors of d?
3, 509
Let c be 16/6*(-252)/(-24). Suppose 18*w = c*w - 588